is g(a)?
21
Let m(o) = -o**3 + 2*o**2 - o - 2. Suppose l + 23 = -g, -4*l - 6*g = -5*g + 98. Let n be (1 - 4) + (-24 - l). Give m(n).
16
Let d(k) = k - 15. Let l be (-2)/4*(-7)/((-21)/60). Let i be 6 + l - (-3 + -1). Calculate d(i).
-15
Let j(m) = 2*m**2 + 4*m - 5. Let x be j(-4). Let u(q) = x*q - 9*q**2 - q**3 - 6 + 14 - 6. Calculate u(-10).
-8
Let i(o) = -4*o. Let u(r) = 15*r - 1. Let k(s) = -5*i(s) - u(s). Calculate k(3).
16
Let k(l) = l**3 - 11*l**2 + 10*l + 1. Let w be k(10). Let j(m) = -7 - w + 21*m - 22*m. What is j(-7)?
-1
Let q(a) = 7*a + 198. Let o be q(-29). Let m(f) = -3*f - 10. Determine m(o).
5
Let h(a) = -a + 0*a - 6*a + 12 - a + 2*a. Give h(3).
-6
Suppose 4*f = -4*n, 4*f + 5*n = 2 - 3. Let s(d) = 14*d**2 - 1. Let p(q) = q**2 - 1. Let g(a) = f*s(a) - 2*p(a). Give g(-1).
13
Let b = -871/18 - -458/9. Let r(m) be the first derivative of -b*m**2 - 4*m - 8. Calculate r(-3).
11
Let v = -14041 + 14047. Let j(b) = -6 + 2 + b - 8. Determine j(v).
-6
Let r(f) = -f - 4. Let w be r(-10). Let y(k) = 9 - k + w + 2 - 18. What is y(3)?
-4
Let s(q) = 2*q**2 + q - 2. Let c be s(-2). Let x(i) = 10 - 8 - c*i + 3*i. Calculate x(5).
-3
Let c(w) = w**2 - 7*w + 8. Let h = -18 - -17. Let s(b) = -b**2 - b. Let t be s(h). Suppose 4*n - 2*p - p - 36 = t, -3*n + 2*p + 26 = 0. Determine c(n).
2
Let y(a) = -3*a + 4. Let r(b) = -12*b + 19. Let t(w) = 18*w - 29. Let i(s) = 8*r(s) + 5*t(s). Let p(c) = -6*i(c) + 11*y(c). Give p(-5).
-13
Let t(n) = -5*n - 14. Let w be (-1)/1*-2*117/(-26). What is t(w)?
31
Suppose 5*g + 5*w - 88 = 2*w, 4*g + 4*w - 72 = 0. Suppose -3*i + 13 = r, -r + g = i + 4*i. Let s(d) = -d + 14. Calculate s(r).
7
Let i(q) = 0*q**3 + 0*q**2 - q**3 + 3 + 4*q**2 + 0*q**3 + 5*q. What is i(5)?
3
Let s(z) be the first derivative of z**2 - 5*z + 271. Let v = -11 - -7. Determine s(v).
-13
Let g = 94 - 173. Let d = 83 + g. Let r(h) be the first derivative of -h**2/2 - 2*h - 2. Determine r(d).
-6
Let c(l) = 21*l - 5*l**2 - l**3 + 3 + 22*l + 28*l - 69*l. Suppose -7 = -a + 4*h, -5*a - 2*h - 19 = -4*h. Calculate c(a).
-7
Suppose -4*c + 4*y + 16 = 0, 5*c - 4*y = -2*y + 11. Let n(r) be the second derivative of r**4/2 + r**3/6 + 3*r - 11. What is n(c)?
7
Let r(n) = -99*n**2 - 595*n + 4. Let d be r(-6). Let p(c) = -c**2 + 7*c - 11. Let v(w) = -2*w**2 + 13*w - 23. Let y(f) = -9*p(f) + 4*v(f). Determine y(d).
-3
Let x(f) = -f + 3. Suppose 5 + 10 = 3*u. Suppose 0 = u*c - 0 - 10. Let g be c/3 - 39/(-9). Determine x(g).
-2
Let h(w) = -w + 4. Let b = 6 + -20. Let j = 19 + b. Suppose 0 = j*x - 0*x. Calculate h(x).
4
Let j(a) = a**2 - a + 7. Suppose -2*w + 4 = 2*l, -3*w + 8 = 2*l + w. Suppose l = 17*z - 12*z. Calculate j(z).
7
Let c(w) = w**2 - 7*w - 2. Let z(n) = -n**2 + 4*n + 1. Let p(m) = -6*c(m) - 11*z(m). Let a = 0 - -2. Determine p(a).
17
Let z = 31 - 29. Let x(b) = 2 - 2*b**2 - 9*b + 7*b + b**z. Suppose 12 = -0*i - 3*i, 4*v - 4*i + 4 = 0. Calculate x(v).
-13
Let w(u) = -u**3 - 5*u**2 - 4*u - 3. Let o(r) = -r**3 - 5*r**2 + 23*r - 1. Let l be o(3). Calculate w(l).
-3
Let r(o) = -o**3 + 4*o**2 - 1. Suppose 4*y - 3 + 19 = 0. Let f = y + 4. Suppose -3*i + 0 = -3*s + 9, -s - 2*i + 6 = f. Give r(s).
-1
Let b(q) = 2*q + 3 + 0 + 0*q. Let w(y) = -y - 3. Suppose 0 = -2*f + 4*f + 12. Let g be w(f). What is b(g)?
9
Let r(b) be the first derivative of b**2 - 2*b - 64. Calculate r(-3).
-8
Let f(s) = s + 1. Let l = 63 + -33. Let c be (-18)/135 - (-34)/l. Let h(y) = 6*y + 4. Let m(t) = c*h(t) - 5*f(t). What is m(-6)?
-7
Let g be (-4)/(-12) + (-19)/3. Let o(f) = 18 - 2*f - 6 - f**3 - 4 - 12 - 5*f**2 + 6*f. What is o(g)?
8
Let f(a) be the third derivative of a**8/20160 + a**7/720 + 7*a**6/720 + 41*a**5/60 + a**3/3 - 18*a**2. Let d(p) be the third derivative of f(p). What is d(-6)?
1
Let j(q) be the first derivative of 5*q**3/3 - 2*q**2 + 4*q + 13. What is j(2)?
16
Let s(k) = -k**3 - 4*k**2 + 7*k + 3. Let v(x) = 12*x + 438. Let a be v(-37). What is s(a)?
33
Let a be -13*(-6)/(-24) + 4. Let s(w) be the first derivative of -1/2*w**2 + 2 - w + a*w**4 - 2/3*w**3. What is s(2)?
13
Let a = 28 + -23. Suppose -86 = a*g + 9. Let m = g + 20. Let q(v) = 6*v - 1. Give q(m).
5
Suppose -3*h = 3*a, 0 = -3*h + a + 8. Let q(z) = z**2 - 2*z - 2*z**h - 2 + 7. Let y(g) = 2*g**2 + 5*g - 9. Let n(x) = -5*q(x) - 3*y(x). What is n(-6)?
-4
Let m = 15 - 26. Suppose 3*c + 36 = -3*t, c + 2*c = 3*t - 66. Let n = m - c. Let o(q) = q**3 - 7*q**2 + 6*q - 1. Calculate o(n).
-1
Suppose -10 = 2*a + x + 3, 3*a = x - 17. Let l(r) = -4 - 3*r**2 - 6*r - 11*r**2 - r**3 + 7*r**2. What is l(a)?
-4
Let y(i) = -2*i**3 - 2*i**2 + 3*i + 2. Let s be y(-2). Let z(k) = 2*k**2 + 10*k - 6. Let x(m) = 3*m**2 + 11*m - 6. Let p(c) = -3*x(c) + 4*z(c). Determine p(s).
6
Let j be (3 - 86/7) + 38/133. Let z(o) = -o**2 - 10*o - 9. What is z(j)?
0
Let p(d) = -4*d**3 + 1. Suppose 0*l - 2 = -l. Let n(q) = q**3 - l*q**2 + 39 - 38 + q**2 - 5*q + 2*q. Let m be n(2). Calculate p(m).
5
Let h(p) be the third derivative of p**6/120 - p**5/10 + p**4/12 + 2*p**3/3 - 2*p**2 - 11. Calculate h(5).
-11
Let v(u) be the first derivative of -u**4/12 - u**3 - 3*u**2/2 - 16*u + 18. Let k(a) be the first derivative of v(a). Let b = 5 + -7. Give k(b).
5
Let m(u) = 11*u**2 - 4*u - 17. Let w(g) = 10*g**2 - 6*g - 22. Let z(p) = -4*m(p) + 3*w(p). Calculate z(2).
-58
Let j(d) = 3*d - 3. Let r(w) = -w + 1. Let c(i) = 2*j(i) + 7*r(i). Let k be c(0). Let s(t) = -t**2 - 7*t + k + 0*t + 8*t. What is s(-3)?
-11
Let t(x) be the second derivative of 0 - 1/2*x**3 + 11*x - 3*x**2 - 1/24*x**4. Let o(a) be the first derivative of t(a). What is o(3)?
-6
Let f(q) = -q**2 - 7*q - 7. Let t(a) = a**3 + 2*a - 5. Suppose -2*o - o = -15, -o + 2 = m. Let p be 2/((-6)/(-9)) + m. Let z be t(p). What is f(z)?
3
Let s(q) be the first derivative of -4*q**3/3 - 5*q**2/2 - 2*q + 8. Let u be s(-1). Let g(m) = -2*m + 1 + 3*m - 2*m. Determine g(u).
2
Let b(i) = -i**2 - i. Let p(k) = 5*k**2 + 11*k - 4. Let q(l) = l - 4. Let a be q(5). Let j(f) = a*p(f) + 6*b(f). What is j(3)?
2
Let w(i) be the first derivative of -26 + 0*i**2 - 8/3*i**3 - i. Give w(-1).
-9
Let j(g) = g**2 + 17*g + 53. Let z be j(-7). Let p(n) = -2*n**3 - 34*n**2 + n + 15. Give p(z).
-2
Let f(h) = -39 + 39 + 4*h - 2*h - h**2 + 11*h. Give f(13).
0
Let o(b) = -14*b**2 - 25*b - 10. Let l(n) = -12*n**2 - 23*n - 10. Let y(c) = 6*l(c) - 5*o(c). What is y(-9)?
-55
Let y(r) = r**3 - r**2 - 1. Suppose 5*b = 7*b - 6. Let h(c) = -6*c - 5. Let l be h(b). Let k = 25 + l. What is y(k)?
3
Let t be 4/(-2 + 9 - 5). Suppose 2 - t = y. Let g(r) = -r**3 + r**2 + r + 13. Give g(y).
13
Let q(t) = 5*t + 3. Let w be 0 + 5 - (-3)/(-3). Let p(d) = -3*d + 10. Let y be p(w). Determine q(y).
-7
Let i(n) = 1 - n + 0*n + 2*n**3 - 2 + 2*n. Suppose 4*p + 31 = h, -2*h + 12 + 20 = -2*p. Suppose -h = -6*s - 5. Calculate i(s).
2
Let b = -13 - -22. Suppose 5*i - 11 = b. Let n(d) = 56 - 31*d - d**3 - 55 + 30*d + 4*d**2. Give n(i).
-3
Let n(f) = f + 6. Suppose 0 = -p + 2 - 7. Let x be n(p). Let g(r) = 5*r**3 - 2*r + 1. Let q be g(x). Let b(i) = -i**2 + 4*i - 2. What is b(q)?
-2
Let s(z) = z**3 + 8*z**2 - 4*z - 28. Let c be s(-8). Let p(k) be the second derivative of -1/6*k**c - k**2 - 7*k + 2/3*k**3 + 0. Give p(2).
-2
Let a(x) = x**2 - 1. Let y(f) = -f**3 + 3*f**2 + 5*f - 7. Let w(z) = -4*a(z) + y(z). Give w(-4).
25
Suppose 0 = 4*q - 2*q + 4. Suppose 0*o + 15 = 5*o. Let g(a) = -3*a**2 - a**o + 6*a**2 - a**2 + a. Determine g(q).
14
Let y(a) = 3*a - 7. Suppose -10*r = -40 - 70. Suppose 2*h - 3*s - 13 - r = 0, -s = 4*h - 20. What is y(h)?
11
Let d(t) be the first derivative of -t**3/3 - 11*t**2/2 - 17*t + 731. Calculate d(-7).
11
Let j(z) = -4*z - 4. Suppose 5*f + 3*x = f - 6, 2*f - 4 = -5*x. Determine j(f).
8
Suppose -2*c - 2*v - v + 9 = 0, 4*c - 4*v - 28 = 0. Let p = -3 + 3. Let w(z) = 0 + 1 + p - 6*z + z**2. Give w(c).
1
Let w(b) = -b**3 + 9*b**2 + 14*b - 8. Let o be w(10). Let j = 37 - o. Suppose j*i = 3*i - 2. Let d(x) = -x. Determine d(i).
1
Let a(m) = 19*m**2 - 22*m - 2. Let c be a(1). Let n(r) = -8*r - 43. Determine n(c).
-3
Suppose -i + 117 = 8*i. Suppose -7*n = i - 69. Let u(d) = -d**3 + 8*d**2 - 1. What is u(n)?
-1
Let p = -1846 - -1836. Let x(w) = -w**3 - 11*w**2 - 10*w - 18. What is x(p)?
-18
Let s(t) = t - 6. Let k(f) = -4. Suppose -3*l + 9 - 4 = 5*w, -16 = 